7
What is the units digit of 6858613611?
1
What is the millions digit of 307675210?
7
What is the thousands digit of 48493591?
3
What is the hundreds digit of 583363538?
5
What is the thousands digit of 1259279269?
9
What is the millions digit of 3545933468?
5
What is the hundreds digit of 13658591?
5
What is the ten thousands digit of 169521877?
2
What is the hundreds digit of 733276973?
9
What is the ten thousands digit of 5484643073?
4
What is the ten millions digit of 36318195?
3
What is the hundred thousands digit of 4611246679?
2
What is the millions digit of 532968027?
2
What is the hundred thousands digit of 22227825?
2
What is the hundreds digit of 577212796?
7
What is the hundred millions digit of 1479139781?
4
What is the hundreds digit of 245118523?
5
What is the thousands digit of 1898989558?
9
What is the tens digit of 71136385?
8
What is the billions digit of 2541199285?
2
What is the millions digit of 59762561?
9
What is the millions digit of 119036939?
9
What is the ten millions digit of 1789834367?
8
What is the units digit of 148371452?
2
What is the tens digit of 43548611?
1
What is the tens digit of 181379064?
6
What is the units digit of 298183058?
8
What is the ten thousands digit of 729458249?
5
What is the ten millions digit of 68807769?
6
What is the ten thousands digit of 2483814?
8
What is the ten millions digit of 38205180?
3
What is the units digit of 1351402118?
8
What is the tens digit of 9467065?
6
What is the hundreds digit of 350303511?
5
What is the units digit of 942388592?
2
What is the hundreds digit of 922257246?
2
What is the units digit of 566020940?
0
What is the ten millions digit of 315914387?
1
What is the millions digit of 107699823?
7
What is the units digit of 236879168?
8
What is the units digit of 1928847403?
3
What is the hundreds digit of 4811130504?
5
What is the ten thousands digit of 156378612?
7
What is the millions digit of 251291527?
1
What is the units digit of 204153347?
7
What is the hundred thousands digit of 185574317?
5
What is the tens digit of 284925865?
6
What is the tens digit of 95599427?
2
What is the thousands digit of 862851551?
1
What is the units digit of 2328247903?
3
What is the ten millions digit of 60324323?
6
What is the ten thousands digit of 2408868012?
6
What is the ten thousands digit of 30519963?
1
What is the tens digit of 6032442972?
7
What is the billions digit of 2203510493?
2
What is the hundreds digit of 6256372?
3
What is the hundreds digit of 2078059?
0
What is the tens digit of 256482968?
6
What is the hundreds digit of 27409731?
7
What is the hundred millions digit of 152740969?
1
What is the hundreds digit of 39389793?
7
What is the thousands digit of 101801559?
1
What is the millions digit of 415172037?
5
What is the millions digit of 9816297091?
6
What is the ten millions digit of 181948280?
8
What is the hundred thousands digit of 341685715?
6
What is the hundred millions digit of 498725662?
4
What is the tens digit of 360390545?
4
What is the millions digit of 520987020?
0
What is the thousands digit of 24178858?
8
What is the thousands digit of 327665387?
5
What is the millions digit of 1481673009?
1
What is the ten thousands digit of 2067477721?
7
What is the millions digit of 7580615?
7
What is the hundred millions digit of 2000780867?
0
What is the millions digit of 552907586?
2
What is the millions digit of 3161444698?
1
What is the thousands digit of 151779516?
9
What is the millions digit of 54196117?
4
What is the units digit of 864270?
0
What is the millions digit of 775830768?
5
What is the thousands digit of 201665726?
5
What is the tens digit of 124862012?
1
What is the units digit of 64347598?
8
What is the thousands digit of 30158205?
8
What is the hundreds digit of 465464872?
8
What is the thousands digit of 885124080?
4
What is the hundreds digit of 6845193733?
7
What is the units digit of 490996894?
4
What is the ten millions digit of 27339091?
2
What is the millions digit of 140192103?
0
What is the ten thousands digit of 567975442?
7
What is the hundreds digit of 3229475087?
0
What is the units digit of 2953369433?
3
What is the ten thousands digit of 2092777648?
7
What is the millions digit of 3199051301?
9
What is the hundreds digit of 92208694?
6
What is the tens digit of 1600058249?
4
What is the hundreds digit of 847055177?
1
What is the tens digit of 887168888?
8
What is the ten thousands digit of 57398606?
9
What is the units digit of 7414354183?
3
What is the thousands digit of 552118164?
8
What is the hundreds digit of 15498955?
9
What is the ten thousands digit of 2790279432?
7
What is the hundreds digit of 164745960?
9
What is the millions digit of 155612421?
5
What is the units digit of 1953688427?
7
What is the hundred thousands digit of 522094596?
0
What is the ten millions digit of 87043527?
8
What is the ten millions digit of 87845861?
8
What is the units digit of 53822173?
3
What is the hundred thousands digit of 2286334629?
3
What is the hundred thousands digit of 4200492827?
4
What is the ten millions digit of 1306718914?
0
What is the hundred millions digit of 3205039050?
2
What is the thousands digit of 2131480649?
0
What is the ten millions digit of 8606860756?
0
What is the hundreds digit of 2422536253?
2
What is the tens digit of 2765642371?
7
What is the millions digit of 56551251?
6
What is the ten thousands digit of 652122791?
2
What is the hundred thousands digit of 1570220157?
2
What is the tens digit of 24146088?
8
What is the thousands digit of 693102650?
2
What is the units digit of 1022666780?
0
What is the hundred thousands digit of 4372777235?
7
What is the hundreds digit of 822900270?
2
What is the hundred thousands digit of 2489385511?
3
What is the hundreds digit of 946085902?
9
What is the tens digit of 1921998226?
2
What is the hundred thousands digit of 1017686025?
6
What is the units digit of 123001900?
0
What is the hundred thousands digit of 38615241?
6
What is the hundred millions digit of 1467487888?
4
What is the units digit of 14996857?
7
What is the ten thousands digit of 23294297?
9
What is the hundreds digit of 14891607?
6
What is the hundred thousands digit of 64747204?
7
What is the thousands digit of 680077473?
7
What is the tens digit of 656130451?
5
What is the thousands digit of 4471782720?
2
What is the hundred thousands digit of 107399829?
3
What is the hundred thousands digit of 103356980?
3
What is the ten thousands digit of 1156051814?
5
What is the millions digit of 1973968310?
3
What is the hundred thousands digit of 7079945846?
9
What is the ten thousands digit of 22191693?
9
What is the hundred thousands digit of 119053570?
0
What is the ten millions digit of 58912023?
5
What is the hundreds digit of 97447214?
2
What is the units digit of 138575283?
3
What is the thousands digit of 70221265?
1
What is the tens digit of 2772906?
0
What is the tens digit of 6498999934?
3
What is the thousands digit of 87846941?
6
What is the ten millions digit of 1055748204?
5
What is the tens digit of 121367100?
0
What is the ten thousands digit of 3032516028?
1
What is the units digit of 63269535?
5
What is the thousands digit of 591101339?
1
What is the hundreds digit of 511564855?
8
What is the thousands digit of 38834442?
4
What is the units digit of 515250020?
0
What is the ten millions digit of 229756737?
2
What is the thousands digit of 161479648?
9
What is the hundreds digit of 93611322?
3
What is the units digit of 6268845545?
5
What is the hundreds digit of 1749854672?
6
What is the thousands digit of 710636755?
6
What is the hundred millions digit of 622361856?
6
What is the millions digit of 481838830?
1
What is the units digit of 4588766021?
1
What is the ten millions digit of 218217144?
1
What is the hundred millions digit of 282285987?
2
What is the hundreds digit of 13384249?
2
What is the millions digit of 485344208?
5
What is the units digit of 286962038?
8
What is the hundred millions digit of 1182519763?
1
What is the ten thousands digit of 174719605?
1
What is the thousands digit of 5077828324?
8
What is the hundreds digit of 677421903?
9
What is the hundred thousands digit of 13389999?
3
What is the billions digit of 4458927515?
4
What is the hundred th